g - 4*h**2 + 7*h**2 - 6*h**2. Give o(-1).
-2
Let x(k) be the third derivative of k**5/120 + k**4/24 - 4*k**3 + 20*k**2. Let o(u) be the first derivative of x(u). What is o(-2)?
-1
Suppose 3 = -2*i + 9. Let l(d) = -d**3 + 5*d**2 - 3*d + 3. Calculate l(i).
12
Let d(u) = u + 5. Let p(o) be the third derivative of o**5/60 + 2*o**3/3 - 4*o**2. Let h be p(0). What is d(h)?
9
Suppose -2*h - 14 = -5*x - 4, 10 = -2*h - 4*x. Let z(y) = -3020*y + 1551*y + 1474*y - 6. What is z(h)?
-31
Let d(v) = 16*v + 3. Let z(u) = 4*u - 106. Let q be z(26). Calculate d(q).
-29
Let y(l) = -l**2 - 12*l - 7. Let k be (-3)/(-2) + (-75)/6. What is y(k)?
4
Let u(v) be the second derivative of 8*v**4/3 - v**3/3 + v**2/2 + 304*v. Calculate u(1).
31
Let a(b) = b + 13. Suppose -24*y + 3*q + 15 = -29*y, -5*q - 25 = 0. Determine a(y).
13
Let k(i) be the first derivative of -i**4/24 + 7*i**2 - 15. Let h(x) be the second derivative of k(x). Determine h(2).
-2
Let t(p) = 3*p - 5. Let l = 52 - 49. Let b(s) = s**3 - 4*s**2 + 4. Let a be b(l). Determine t(a).
-20
Let y(m) = -2*m**2 + 3*m - 1. Let z be 4/(-10) + 448/20. Let b = 25 - z. What is y(b)?
-10
Let q = 2046 + -2042. Let i(j) = -3*j**2 + 2*j - 1. What is i(q)?
-41
Let d(s) = -10 - 7*s**2 - 3 + 7*s + 6*s**2 + 6. Determine d(5).
3
Suppose -3*n = 5*w - 5*n + 15, 4*n - 20 = 0. Let u(z) = -21 - 17 + 39 - 17*z. Calculate u(w).
18
Let v = -9 - -13. Suppose -v*g - 11 = -5*g. Let q = g + -8. Let l(c) = 2*c + 4. What is l(q)?
10
Suppose 4*n = 4*y - 44, -n + 3*y = -4*n - 39. Let h = n + 10. Let g = 0 - h. Let b(u) = -u**3 + 2*u + 1. Give b(g).
-3
Let p(m) = -m. Let b(d) = 5*d - 2. Let w(f) = -b(f) - 3*p(f). Let i = 19 - 16. Suppose k - i = 1. Give w(k).
-6
Let p(d) = -4*d + 8. Suppose 0 = 3*n - 3*r - 10 - 17, 5 = -5*r. What is p(n)?
-24
Let i be (-1311)/115 + (-4)/(-10). Let p(c) = c - 5. Determine p(i).
-16
Let o(l) be the second derivative of -l**3 - 3/2*l**2 + 0 - 5*l. Determine o(-2).
9
Let x = -1140 - -1142. Let z(o) = -4*o + o + 2*o**2 + 0*o**2 + 3. Give z(x).
5
Let s(j) = 2*j - 31. Let v be s(15). Let l(k) be the first derivative of -3*k - 2 + k - k**2 + 3*k. Give l(v).
3
Let f = -16 + 21. Suppose 0 = -f*g + b - 19, -5*g - 4*b - 24 = -0. Let r(o) = o**2. Let c(j) = 10*j**2 - j - 1. Let x(h) = g*r(h) + c(h). Give x(-1).
6
Let t be (-138)/9 + ((-6)/(-18))/1. Let b(z) = -z - 9. Calculate b(t).
6
Let z = -14 - -19. Suppose z*a = -35 + 10. Let r(d) be the first derivative of -d**4/4 - 4*d**3/3 + 5*d**2/2 - 3*d - 1. Determine r(a).
-3
Suppose -4*x = -p - 20 + 9, -2*p = 2*x - 18. Let d(f) be the third derivative of -2*f**2 - 1/6*f**4 - f**3 + 0*f + 0 - 1/60*f**p. Calculate d(-4).
-6
Let j(k) = 3*k - 2. Let m(d) = 4 - d - 6*d + 0*d + 0*d. Let x(h) = -5*j(h) - 2*m(h). Determine x(-3).
5
Let v be (-18)/4 - (-5)/(7 + 3). Let n(k) be the first derivative of -1 + 2*k + 1/2*k**2. Determine n(v).
-2
Let m(l) = l**3 + l**2 + 3*l + 3. Suppose -1188*u = -1199*u - 22. Give m(u).
-7
Let j(p) = p**2 - 3*p + 1. Suppose -4*u = -2 - 6. Suppose -11*h + 6*h = 3*x - 4, 2*h = 3*x - 11. Suppose -u*k + 4*f = -x*k - 18, f + 9 = 2*k. Determine j(k).
-1
Suppose 3*r + 9 = -9. Let w(j) = 4*j**2 - 49*j - 18. Let h(v) = -3*v**2 + 34*v + 12. Let a(l) = 7*h(l) + 5*w(l). Calculate a(r).
0
Let d(n) = 3*n**2 + 5*n + 3. Let p(o) = 4*o + 12 + 1 + 10*o + 10*o**2 - 3. Let h(y) = 7*d(y) - 2*p(y). Determine h(-7).
1
Suppose r + 18 = 4*r. Let a(q) = -8 + q - q**2 + 0*q**2 + r. Suppose -5*b = m, -3*m = -b + m. Calculate a(b).
-2
Let t(c) = 3*c - 4. Let g(o) = o. Let n(k) = -2*g(k) + t(k). Let p be (-15)/(-5)*2 - 3. Determine n(p).
-1
Let b(v) = -v**2 + 3*v - 4. Let k be -11 - (-3 - (-3 - -7)). What is b(k)?
-32
Let k(h) = 4*h - 2. Let a be (-18)/9*2/(-2). Suppose 0 = a*y - 7 + 3. Calculate k(y).
6
Let x(s) be the second derivative of s**4/12 - 2*s**3/3 - 4*s**2 - 27*s. What is x(6)?
4
Let m(c) be the first derivative of 0*c**3 + 0*c - 13/4*c**4 + 13 + 0*c**2. Calculate m(-1).
13
Let s(v) = v**2 + 2*v + 2. Suppose -82*d + 20 = -87*d. Determine s(d).
10
Let o = 27 - 13. Let d be 82/o - (-2)/14. Let n(b) = 2*b - d*b + 9*b. Calculate n(1).
5
Let h(w) = -11*w - 15*w - 1 - 8*w + 41*w. Suppose -d + 3 - 4 = 0. Determine h(d).
-8
Let i(o) be the second derivative of o**5/20 - o**3/6 + o**2/2 + o + 15. Give i(0).
1
Let p be (-1 - -7)*1 + -2. Let f(a) = -a**3 + 3*a**2 + 2*a + 2. Determine f(p).
-6
Let x(c) = 31*c - 2. Let b be x(0). Let y(q) = -q**2 - 2*q. What is y(b)?
0
Let l(i) be the first derivative of -3*i**2/2 - 4*i - 3. Let f be (-1 + (2 - 3 - -124))/2. Let u = f + -57. What is l(u)?
-16
Let m(f) = -f**3 - f**2 - 3. Let s be (8/10)/((-3)/(-30)). Suppose 0 = 4*n - 12 - s. Let t be 0 + (-3 - (2 - n)). Determine m(t).
-3
Let x(w) = -w. Let a(y) = 2*y + 1. Let p(l) = 2*a(l) + 5*x(l). Let b(j) = j**3 - 17*j**2 + 41*j + 19. Let k be b(14). What is p(k)?
-3
Let r(h) = -15*h**3 + 2*h**2 + h. Suppose 5*l - 1 - 29 = 0. Suppose -b + 5 = -l*b. Calculate r(b).
16
Let p(l) be the third derivative of -1/12*l**5 + 5/6*l**3 + 0 + 1/120*l**6 + 26*l**2 + 0*l + 0*l**4. Determine p(5).
5
Let m(f) be the second derivative of f**4/6 - 7*f**3/6 + 3*f**2 - 2*f + 181. Give m(3).
3
Let s(v) = 13435*v + 1 - v**2 - 13446*v - 4. Determine s(-11).
-3
Let d(x) be the first derivative of -4 - x**2 - 7*x + 0 + 3 + x. Determine d(-5).
4
Let d(h) = 4*h**3 - 12*h**2 + 3*h - 11. Let b(t) = 5*t**3 - 12*t**2 + 4*t - 13. Let q(w) = -3*b(w) + 4*d(w). Determine q(12).
-5
Let n(z) = 8*z + 1. Let b(c) = 7*c + 1. Let g(y) = 6*b(y) - 5*n(y). Let j be 8/18*(-189)/42. What is g(j)?
-3
Let i(m) be the third derivative of -m**4/8 + m**3 + 73*m**2. Calculate i(3).
-3
Let t(j) be the third derivative of -j**5/60 - j**4/3 + 5*j**3/6 + 79*j**2. Let i(n) = n - 8. Let d be i(0). Let y be t(d). Let o(s) = -s + 11. Give o(y).
6
Let z(p) = 6 - 3*p + 0 + 4*p. Suppose d + 65 = -9. Let k = -79 - d. Calculate z(k).
1
Let a(z) be the third derivative of z**5/60 - z**4/12 - 5*z**3/6 + z**2. Suppose -28 = 4*u + 24. Let c = 18 + u. What is a(c)?
10
Let h = -27 + 23. Let w(d) = -d**3 - 4*d**2 + d + 2. Let l be w(h). Let z(a) = a**2 - 2*a. What is z(l)?
8
Let l be 532/95 + -6 - (-16)/(-10). Let i(n) = 3*n - 6. Determine i(l).
-12
Suppose -8*s + 6 = -9*s. Let d be 30/4*s/9. Let q be d*2*(-1)/5. Let k(u) = -u**2 - 3*u + 1. Determine k(q).
-9
Let p(q) be the first derivative of -q**2/2 + q + 9. Let y be 10 + (-2 - (-2 - 0)). Suppose 9 = -4*t + 3*w, -5 = 3*t - 5*w + y. Give p(t).
1
Let h(x) be the first derivative of x**6/360 - x**5/40 - x**4/12 - 2*x**3 + 11. Let c(a) be the third derivative of h(a). Calculate c(4).
2
Let f(a) be the third derivative of -a**5/60 - a**4/12 + a**3/3 + 97*a**2. What is f(2)?
-6
Let w(j) = -3*j**2 + 3*j. Let d(h) = h - 7. Let q = 11 + -2. Let p be d(q). Give w(p).
-6
Let t = 29 + -16. Let i = 7 - t. Let o(w) = w**3 + 7*w**2 + 5*w - 4. What is o(i)?
2
Let b(w) = w**2 + w - 3. Let o be 12/(-16) - 508/(-16). Suppose i + 5 = 0, 2*j - o = 8*i - 3*i. Let t = 3 - j. What is b(t)?
-3
Let q(u) = u**3 + u**2 - 2*u + 1. Let m = 89 - 94. Let c(y) = y + 6. Let o be c(m). Calculate q(o).
1
Let k be (-5)/((-180)/27) - 2/(-8). Let s be (-9)/(-4) + (-3)/12. Suppose 11 - k = s*w. Let a(v) = v**2 - 7*v + 4. Calculate a(w).
-6
Suppose 5*g - 167 + 147 = 0. Suppose -g*m - 12 = -2*l + 18, -3*m + 3*l = 27. Let h(v) = v**3 + 6*v**2 - v + 6. Determine h(m).
12
Suppose -y + 15 = -6*y. Let b(n) be the second derivative of n**3/3 + n**2 + n - 34. What is b(y)?
-4
Let p(x) be the second derivative of -x**5/60 + x**4/2 - 2*x**3/3 + x**2 + 20*x + 1. Let w(u) be the first derivative of p(u). What is w(11)?
7
Suppose -4*m - 12 = -a - 2*m, -3*a - 2*m - 4 = 0. Let c(y) = -a - y + 4 - 3. Suppose 2*g - 4*g + 6 = 4*i, -5*g + 2*i = -27. Calculate c(g).
-6
Let u(k) be the second derivative of k**4/6 - k**3/6 + 8*k**2 + k. Let m(f) be the first derivative of u(f). What is m(-3)?
-13
Let g(l) = -l**3 - 5*l**2 - 2*l - 3. Suppose 0 = -a + 50 - 4. Suppose w - a = -50. Calculate g(w).
-11
Let v(n) = 7*n - 2. Let r(l) be the second derivative of l**3/6 - 4*l. Let w(b) = 6*r(b) - v(b). Give w(-2).
4
Let s(y) = 2*y - 59. Let x(g) = 2*g**3 - 97*g**2 - 50*g + 75. Let r be x(49). What is s(r)?
-7
Let o(i) = 5*i + 2. Let p(w) = -w - 2. Let h(a) = o(a) + 2*p(a). Determine h(2)